he prime factors of 280238.
2, 7, 37, 541
List the prime factors of 24107248.
2, 11, 136973
What are the prime factors of 309824?
2, 47, 103
What are the prime factors of 14961399?
3, 1291, 3863
What are the prime factors of 11577472?
2, 151, 599
What are the prime factors of 2365073?
2365073
List the prime factors of 408986.
2, 17, 23, 523
What are the prime factors of 852237?
3, 94693
List the prime factors of 673101.
3, 11, 13, 523
What are the prime factors of 2584462?
2, 443, 2917
List the prime factors of 2189142.
2, 3, 19, 37, 173
What are the prime factors of 220925?
5, 8837
What are the prime factors of 986411?
986411
What are the prime factors of 72313?
72313
List the prime factors of 159431.
159431
What are the prime factors of 5747929?
11, 97, 5387
What are the prime factors of 56620?
2, 5, 19, 149
What are the prime factors of 113113?
7, 11, 13, 113
List the prime factors of 71116.
2, 23, 773
What are the prime factors of 359872?
2, 5623
List the prime factors of 1923666.
2, 3, 320611
What are the prime factors of 926604?
2, 3, 7, 3677
List the prime factors of 289504.
2, 83, 109
What are the prime factors of 131523?
3, 7, 6263
List the prime factors of 48458.
2, 24229
List the prime factors of 30260339.
37, 47, 17401
What are the prime factors of 808127?
19, 42533
List the prime factors of 166246.
2, 101, 823
What are the prime factors of 303035?
5, 60607
List the prime factors of 2585418.
2, 3, 11, 43, 911
List the prime factors of 46255.
5, 11, 29
What are the prime factors of 167469?
3, 55823
List the prime factors of 172687.
172687
What are the prime factors of 19848340?
2, 5, 992417
List the prime factors of 4850723.
23, 210901
What are the prime factors of 122692?
2, 37, 829
What are the prime factors of 5357862?
2, 3, 297659
List the prime factors of 1020633.
3, 340211
What are the prime factors of 6012429?
3, 101, 19843
What are the prime factors of 48103?
11, 4373
What are the prime factors of 290461?
71, 4091
List the prime factors of 2241803.
109, 131, 157
What are the prime factors of 11825436?
2, 3, 7, 140779
List the prime factors of 2632500.
2, 3, 5, 13
List the prime factors of 14707767.
3, 19, 258031
What are the prime factors of 32099?
32099
What are the prime factors of 2282941?
2282941
What are the prime factors of 1798508?
2, 23, 113, 173
List the prime factors of 16749.
3, 1861
What are the prime factors of 4672544?
2, 151, 967
What are the prime factors of 1954795?
5, 390959
What are the prime factors of 4553584?
2, 7, 109, 373
What are the prime factors of 529663?
19, 61, 457
What are the prime factors of 37092?
2, 3, 11, 281
What are the prime factors of 415276?
2, 17, 31, 197
What are the prime factors of 6802261?
17, 113, 3541
What are the prime factors of 97160?
2, 5, 7, 347
List the prime factors of 3465872.
2, 216617
What are the prime factors of 12123881?
7, 11, 19, 8287
What are the prime factors of 1631676?
2, 3, 227, 599
List the prime factors of 14988.
2, 3, 1249
What are the prime factors of 2330040?
2, 3, 5, 19417
What are the prime factors of 1729727?
1729727
What are the prime factors of 4634356?
2, 113, 10253
What are the prime factors of 176735?
5, 13, 2719
What are the prime factors of 1030641?
3, 343547
What are the prime factors of 126406?
2, 7, 9029
What are the prime factors of 539441?
7, 101, 109
List the prime factors of 2644936.
2, 7, 73, 647
List the prime factors of 112265.
5, 22453
List the prime factors of 5776005.
3, 5, 17, 22651
List the prime factors of 959325.
3, 5, 12791
List the prime factors of 7174.
2, 17, 211
List the prime factors of 710600.
2, 5, 11, 17, 19
List the prime factors of 142897.
142897
List the prime factors of 1432519.
11, 11839
List the prime factors of 95744.
2, 11, 17
List the prime factors of 2878953.
3, 7, 11, 103
What are the prime factors of 9739931?
61, 159671
List the prime factors of 2968792.
2, 371099
What are the prime factors of 4171605?
3, 5, 71, 3917
List the prime factors of 567154.
2, 7, 17, 2383
What are the prime factors of 4617480?
2, 3, 5, 7, 23, 239
What are the prime factors of 8286102?
2, 3, 11, 41849
What are the prime factors of 1973438?
2, 986719
What are the prime factors of 765210?
2, 3, 5, 23, 1109
List the prime factors of 189616.
2, 7, 1693
List the prime factors of 3120086.
2, 197, 7919
List the prime factors of 1979321.
1979321
What are the prime factors of 203718?
2, 3, 19, 1787
What are the prime factors of 982395?
3, 5, 19, 383
What are the prime factors of 1463022?
2, 3, 11, 821
List the prime factors of 22101837.
3, 311, 23689
What are the prime factors of 9656055?
3, 5, 89, 2411
What are the prime factors of 4953706?
2, 47, 151, 349
What are the prime factors of 1849383?
3, 205487
What are the prime factors of 2829228?
2, 3, 43, 5483
What are the prime factors of 1245048?
2, 3, 7, 7411
What are the prime factors of 136996?
2, 29, 1181
List the prime factors of 1065812.
2, 11, 24223
List the prime factors of 896597.
13, 17, 4057
List the prime factors of 23239803.
3, 1571, 4931
What are the prime factors of 962916?
2, 3, 29, 2767
List the prime factors of 484169.
7, 41, 241
What are the prime factors of 15738943?
11, 1430813
List the prime factors of 26334473.
11, 59, 40577
List the prime factors of 6108931.
181, 33751
What are the prime factors of 519563?
11, 149, 317
What are the prime factors of 269616?
2, 3, 41, 137
List the prime factors of 381967.
67, 5701
List the prime factors of 286092.
2, 3, 883
List the prime factors of 1332079.
7, 190297
What are the prime factors of 5248100?
2, 5, 11, 13, 367
What are the prime factors of 285846?
2, 3, 11, 61, 71
What are the prime factors of 10660?
2, 5, 13, 41
List the prime factors of 8809746.
2, 3, 11, 133481
List the prime factors of 1764062.
2, 882031
List the prime factors of 350852.
2, 239, 367
List the prime factors of 31724056.
2, 7, 13, 43577
What are the prime factors of 149316?
2, 3, 23, 541
What are the prime factors of 344157?
3, 11, 10429
List the prime factors of 25642.
2, 12821
List the prime factors of 1206317.
7, 172331
List the prime factors of 30866.
2, 11, 23, 61
List the prime factors of 8572339.
8572339
What are the prime factors of 2951534?
2, 59, 25013
List the prime factors of 4877766.
2, 3, 59, 1531
List the prime factors of 6922007.
6922007
List the prime factors of 4765286.
2, 383, 6221
What are the prime factors of 392334?
2, 3, 23, 2843
List the prime factors of 739035.
3, 5, 11, 1493
List the prime factors of 260740.
2, 5, 13037
What are the prime factors of 26717783?
83, 321901
List the prime factors of 2424657.
3, 769, 1051
What are the prime factors of 1588329?
3, 19609
What are the prime factors of 18550179?
3, 17, 263, 461
List the prime factors of 9192305.
5, 1838461
List the prime factors of 357845.
5, 71569
What are the prime factors of 229167?
3, 25463
List the prime factors of 174761.
174761
What are the prime factors of 14820397?
83, 178559
What are the prime factors of 4460669?
83, 223, 241
What are the prime factors of 1116832?
2, 17, 2053
List the prime factors of 5146777.
19, 53, 269
List the prime factors of 4525614.
2, 3, 103, 2441
List the prime factors of 302236.
2, 11, 6869
List the prime factors of 1310730.
2, 3, 5, 43691
List the prime factors of 758236.
2, 189559
What are the prime factors of 17855076?
2, 3, 199, 7477
What are the prime factors of 1153114?
2, 367, 1571
List the prime factors of 102600.
2, 3, 5, 19
What are the prime factors of 3509057?
3509057
List the prime factors of 847661.
149, 5689
List the prime factors of 3389971.
13, 1543
List the prime factors of 725990.
2, 5, 19, 3821
What are the prime factors of 649513?
29, 22397
What are the prime factors of 1048247?
37, 41, 691
What are the prime factors of 530115?
3, 5, 59, 599
What are the prime factors of 11744805?
3, 5, 43, 131, 139
What are the prime factors of 76602?
2, 3, 17, 751
What are the prime factors of 1073757?
3, 73, 4903
List the prime factors of 860500.
2, 5, 1721
What are the prime factors of 859771?
11, 47, 1663
What are the prime factors of 306284?
2, 11, 6961
List the prime factors of 1869794.
2, 934897
What are the prime factors of 3236500?
2, 5, 6473
List the prime factors of 216225.
3, 5, 31
List the prime factors of 2435